6/m - (-4)/12. Let a = h - -5. Calculate y(a).
-14
Suppose -48 = -10*o - 88. Let y(z) = z**2 + 9*z + 15. Calculate y(o).
-5
Let n(b) be the first derivative of 2*b**2 - b - 4. Suppose 0 = h + 4*i + 15, -4*h + 4*i = -9 - 31. Suppose h*t - 2 = -7. Calculate n(t).
-5
Let j be 8/28 + 12/7. Suppose -5*f - 39 = 4*w - j*w, 4*f = 4*w + 8. Let g(l) = 2*l**2 - 8*l + l**3 - 5*l**2 + 9*l**2 - 4. What is g(w)?
3
Let k(s) = 4*s + 11. Let p(d) = 3. Let g(c) = -2*k(c) + 6*p(c). Determine g(-5).
36
Let c(s) be the first derivative of s**2/2 + 6*s + 75. Let g(l) = l - 8. Let o be g(8). What is c(o)?
6
Let q(w) be the first derivative of -w**3/6 + 3*w**2/2 + 5*w - 8. Let o(z) be the first derivative of q(z). Calculate o(5).
-2
Let a(k) = 3*k**2 + 17*k - 15. Let d(m) = -m**2 - 6*m + 5. Let j(r) = -3*a(r) - 8*d(r). Suppose 2*o = -4*q - 10, 0 = 2*q - 0*o + 3*o - 1. Calculate j(q).
1
Let a(s) = -7 - 3*s - 7 + 24 - 5. Let o(x) = 7*x - 11. Let h be -2 + (1 + -2 - 1). Let j(g) = h*o(g) - 9*a(g). Calculate j(-5).
4
Let y = -29 + 31. Let w be (-3 - -5)/((y - 1)*2). Let k(j) = -16*j. Calculate k(w).
-16
Let r(b) = b**3 - 7*b**2 - 9*b + 2. Let t(l) = -4*l + 12. Let k be t(5). Let p be k + 20 + (-5 - -1). Determine r(p).
-6
Let b(w) = w + 3. Let i(s) = -s - 2. Let x(l) = -5*b(l) - 4*i(l). What is x(0)?
-7
Suppose 4*v = 2*x - 0 - 4, -2*x - v = 1. Let p(g) be the first derivative of g**4/4 - g**3/3 + g**2/2 - 8*g + 5. Calculate p(x).
-8
Let a(u) = -3*u + 3. Let k(c) = c**3 - 6*c**2 - 7*c + 5. Suppose 8 = -5*w + 2*z + 51, -3*w + 9 = 3*z. Let x be k(w). Let o = 8 - x. Determine a(o).
-6
Let j(p) = -p**2. Let v = -20 - -9. Let s = -15 - v. Let t be s/(-6)*24/(-16). Determine j(t).
-1
Let q be 8/(-36) + (-6)/(-27). Let j = 6 - -2. Suppose g - j + 3 = q. Let z(k) = k**3 - 4*k**2 - 4*k - 5. Determine z(g).
0
Suppose -4*u + 4 = 0, -2*h = -5*h - 4*u + 1. Let s(i) = i + 7*i**3 - 5*i**3 - 12*i**3 + 8*i**3 + 2*i**2. Determine s(h).
3
Suppose 10 = u + 4*u. Let q(h) = 3*h + 0*h - 4*h + 4*h**3 + h**u. Suppose 5*c - 2*a - 1 = 0, -2*c + 6*a = 7*a - 4. Give q(c).
4
Let u(c) = -2665*c + 2667*c + 2 - c**2 - 1. Determine u(4).
-7
Let p(k) = -k**3 + 6*k**2 + 8*k + 6. Suppose -2*g = 3 - 11. Suppose -5*c + 52 = 2*j + 15, -3*j = -g*c + 25. Calculate p(c).
13
Let u(p) = p - 13 - 2*p - 2*p - p**2 - 7*p. Calculate u(-9).
-4
Let p(k) = -33*k**2 - 15*k + 9. Let i(w) = 19*w**2 + 7*w - 5. Let v(b) = -7*i(b) - 4*p(b). Determine v(5).
29
Let x(u) = -u**3 + 7. Suppose -5*o = -4*o + 38. Let a = -38 - o. Determine x(a).
7
Let a(c) be the second derivative of -c**3/6 + 8*c**2 - 9*c - 9. Give a(9).
7
Let j(i) be the second derivative of i**4/12 - 5*i**3/6 - 5*i**2/2 - 2*i - 34. Give j(6).
1
Let h(v) = -v + 3*v**2 - 12*v**2 - 4*v**2 + 2*v**2. Let m = 6 - 17. Let g = m - -10. Calculate h(g).
-10
Let k(q) be the first derivative of q**5/20 - 16*q**3/3 - 11. Let s(n) be the third derivative of k(n). Give s(1).
6
Let d(a) = -6*a**2 + 3*a - 1. Let x be 4/(-14) - (-126)/98. Calculate d(x).
-4
Let u(l) = -l**3 + 17*l**2 - 17*l + 11. Suppose -24 = -2*x + 4*f, 19 - 91 = -5*x + 4*f. Let d be u(x). Let b(m) = 2*m + 7. Give b(d).
-3
Let l(k) = k**3 + 4*k**2 + 8*k + 28. Let j be l(-4). Let b(o) = -o**3 - 5*o**2 - o + 8. Give b(j).
-4
Suppose -2*t + 428 = -6*t + 4*k, 97 = -t - 4*k. Let a = 110 + t. Let x(i) = -i**3 + 0*i**3 + 2*i**2 - 5*i + 5 + 4*i**2. Give x(a).
5
Let j(q) = 7*q**2 - 25*q - 16. Let m(g) = -3*g**2 + 12*g + 8. Let i(p) = 2*j(p) + 5*m(p). Let x = 1944 - 1935. Give i(x).
17
Let i(j) = -j**2 + 30*j - 81. Let p be i(27). Let o(f) = f**3 + 6. Calculate o(p).
6
Let x(d) be the first derivative of d**4/4 + 5*d**3/3 + 4*d**2 + 20*d - 511. Determine x(-4).
4
Suppose -1 = 12*n - 61. Let c(y) = -5*y + 18. Let h be c(n). Let g(v) = -2*v - 10. Calculate g(h).
4
Let x(i) be the first derivative of -i**4/2 + i**3 - 2*i**2 + 3*i + 4. Let j = -36 + 38. What is x(j)?
-9
Let y = 52 - 47. Let i(d) = 8*d**3 - 2*d**2 + 3*d. Let u(s) = -9*s**3 + 2*s**2 - 4*s. Let g(b) = y*u(b) + 6*i(b). What is g(2)?
12
Let z(n) be the third derivative of 1/8*n**4 - 1/6*n**3 + 0 - 1/10*n**5 + 0*n - 22*n**2. Calculate z(2).
-19
Let z(f) = -f**3 + 7*f**2 - 4*f + 6. Let l(q) = -q**3 + 3*q**2 + 27*q + 2. Let d be l(-4). Give z(d).
18
Let x(d) = -2*d**2 - 28*d + 142. Let n be x(-18). Let z(f) = -8*f**3 - f**2 + 5*f + 3. Determine z(n).
53
Let s(h) = 7*h - 16. Let o(u) = -u - 1. Let x(a) = 6*o(a) + s(a). Give x(20).
-2
Suppose 52 = 4*u + b + 3*b, 0 = 3*u + 2*b - 37. Let s(w) = 3*w**2 + 12*w + 2. Let d(v) = 4*v**2 + 12*v + 3. Let y(t) = -4*d(t) + 5*s(t). Determine y(u).
9
Let w(l) be the second derivative of 15*l**4/4 - l**3/3 + l**2/2 + 412*l. Calculate w(1).
44
Let f(a) = -a**2 + a. Let l(p) be the first derivative of p**4/4 + 2*p**3 - 5*p**2/2 - 2*p - 54. Let b(y) = -2*f(y) - l(y). What is b(-4)?
-10
Let a(w) be the second derivative of -19*w**5/20 - w**3/6 + w**2/2 + 90*w. Determine a(1).
-19
Suppose -7*q = -14*q. Let x(l) = -2*l. Let g be x(q). Let f be (g/5)/(-3) + -7. Let k(w) = w**3 + 6*w**2 - 4*w + 8. Calculate k(f).
-13
Let t(l) = -l + 1. Let f(r) = 0 + 3*r + 3 + r. Let o = -756 + 752. Let n(v) = o*t(v) + f(v). What is n(1)?
7
Let y(g) = -g**2 + 12*g - 18. Let j = 808 - 797. Determine y(j).
-7
Let r(a) = 0 + 2 - 609*a - 3*a**2 + 607*a - 2*a**3. Give r(-2).
10
Let c(i) = 5*i - 43. Let f be c(6). Let p(w) = -w - 11. Calculate p(f).
2
Let j(a) = 3*a**2 - 6*a + 14. Let z(c) = -5*c**2 + 7*c - 15. Let w(d) = -3*j(d) - 2*z(d). Calculate w(5).
33
Let d(z) = z - 11. Suppose 3*t = 2*j - 18, -j + 21 = -9*t + 6*t. Give d(t).
-19
Let q(x) = x**3 + 7*x**2 + 2. Let r be q(-7). Let a(b) be the second derivative of b**3/2 - 3*b**2/2 - 107*b. What is a(r)?
3
Suppose 68*n = 65*n + 15. Let t(m) = -m**3 + 7*m**2 - 8*m + 6. Determine t(n).
16
Let n(x) = x**3 + 8*x**2 + 6*x - 5. Let z be n(-7). Let v(i) = 1 + 5*i**3 + 2 + 2*i**z - i + 0*i**2 - 6*i**3. Give v(3).
-9
Let w = 12 + -10. Let i(m) = -m - 3*m**2 + 3 + 2*m - w - 2. Suppose -3*d - 5 = 4*u, -3 + 19 = u - 5*d. What is i(u)?
-3
Let g(c) = -2*c**3 - 5*c**2 - c - 4. Let m be g(-3). Let a(o) = o - m*o + 9*o - 2 + 3. What is a(-3)?
-5
Let a(b) = 4*b**2 - 30*b + 70*b - 35*b + 12. Let f(y) = -y**2 - 1. Let m(l) = -a(l) - 5*f(l). Determine m(6).
-1
Let r(c) = -14 + 35 - 2*c - 10 - 10 - 21. Calculate r(-9).
-2
Let a(x) = 0*x + 0*x + 24599 + 5*x**2 + x**3 - 24601. Calculate a(-5).
-2
Let g(k) = 31*k - 2*k**2 - 14 - 7*k - 9*k - 1. Calculate g(6).
3
Let g(b) = b + 1. Let n(o) = o**3 + 11*o**2 + 15*o - 1. Let c(x) = 5*g(x) - n(x). Calculate c(-10).
6
Suppose -3*t = 3*t + 2*t. Suppose -g - 1 = -t. Let s(o) = -6*o + 1. Determine s(g).
7
Let g = 1531/6156 + 2/1539. Let u(h) be the first derivative of g*h**4 + 6*h - 6 - 7/2*h**2 - h**3. Determine u(4).
-6
Suppose 0 = 18*b - 21*b - 36. Let l = -16 - b. Let f(r) = -r**3 - 4*r**2 + 3*r + 1. Determine f(l).
-11
Suppose 41*j = -14*j + 1155. Let v(k) = -3*k + 50. Give v(j).
-13
Let p = 1105 - 1092. Let h(a) = -a**3 + 14*a**2 - 11*a - 15. Calculate h(p).
11
Let v = 9 + -7. Let w(q) be the second derivative of -4*q + 2*q**v - 1/20*q**5 + 0 - q**3 + 5/12*q**4. Determine w(4).
-4
Let f be -1*(-1)/(-1)*-2. Let i(r) = f*r + 5 + 5 - 3*r. Suppose 0 = -18*y + 27 - 27. What is i(y)?
10
Let f(v) = 2*v + 4. Let j(l) = 2*l + 5. Let q(n) = 2*n + 5. Let z be q(-5). Let u(d) = z*j(d) + 6*f(d). Calculate u(4).
7
Let s(a) = -11*a**2 + 18*a - 20. Suppose 5*j = f + 18, -6 = 3*f - 4*j + 5*j. Let c(q) = 4*q**2 - 6*q + 7. Let o(n) = f*s(n) - 8*c(n). Calculate o(6).
4
Let o = -414 - -409. Let f(j) = j**2 + 2*j + 6. Give f(o).
21
Let t be (((-4)/(-6))/2)/(532/17556). Let o(b) = -2*b**2 + 21*b + 11. What is o(t)?
0
Let f(b) = -6*b**3 - 10*b**2 + b - 1. Let t be f(-2). Let s(g) be the first derivative of 7 + 1/3*g**3 + 3*g**2 + t*g. Determine s(-4).
-3
Let w(a) be the third derivative of a**4/24 - 42*a**2. Calculate w(7).
7
Suppose 5*i = n - 5, -4*n - 19 = 2*i - 17. Let t(l) be the third derivative of 0*l**3 + 7/24*l**4 + 0*l + 0 + l**2. What is t(i)?
-7
Let x(v) = v + 1. Suppose c - 2*u - 40 = 4*c, -5*u - 70 = 5*c. Let i be (-51)/c - (-1)/(-4) - -1. What is x(i)?
6
Let k(l) be the third derivative of l**6/720 - l**5/40 - 7*l**4/24 + 2*l**2. Let b(a) be the second derivative of k(a). What is b(5)?
2
Let y(g) 